{"id":1113,"date":"2022-01-22T19:29:57","date_gmt":"2022-01-22T18:29:57","guid":{"rendered":"https:\/\/psychotherapie-zeugswetter.at\/home\/?page_id=1113"},"modified":"2023-10-14T21:27:06","modified_gmt":"2023-10-14T19:27:06","slug":"gemeinsam-lernen-gruppentherapie-fuer-paare","status":"publish","type":"page","link":"https:\/\/psychotherapie-zeugswetter.at\/home\/beziehung-gestalten\/gemeinsam-lernen-gruppentherapie-fuer-paare\/","title":{"rendered":"Gemeinsam lernen: Gruppentherapie f\u00fcr Paare"},"content":{"rendered":"\n<p>Als Psychotherapeut und Coach unterst\u00fctze ich Menschen dabei, <strong>mit sich selbst in eine liebevolle, konstruktive Beziehung<\/strong> zu gehen. Dabei lernen sie, auch mit anderen Menschen so in Beziehung zu gehen, dass es ihnen gut damit geht. Wenn dieser andere Mensch die Partnerin bzw. der Partner ist und beide an der Beziehung arbeiten wollen, sprechen wir von Paar-Therapie.<\/p>\n\n\n\n<p>&nbsp;<\/p>\n\n\n\n<p>Auch hier ist es das Ziel, aus einem automatisierten, unbewussten Reagieren in ein bewusstes Handeln zu kommen. So k\u00f6nnt ihr beide <strong>in immer mehr Momenten konstruktiv mit Situationen umgehen<\/strong> \u2026 auch wenn ihr gerade das Gef\u00fchl habt zu &#8222;scheitern&#8220;, weil euch alte Muster \u00fcbernehmen. Und da ihr mit diesem Gef\u00fchl nicht alleine seid, m\u00f6chte ich in meiner Praxis im 9. Bezirk eine neue Therapieform einf\u00fchren. In der <strong>Gruppentherapie f\u00fcr Paare<\/strong> lernen wir gemeinsam.<\/p>\n\n\n\n<p>&nbsp;<\/p>\n\n\n\n<h3 class=\"wp-block-heading has-text-color\" style=\"color:#5d338b\">Gemeinsam lernen: Gruppentherapie f\u00fcr Paare<\/h3>\n\n\n\n<p>Wir Menschen lernen durch Beobachtung. Das ist besonders gut bei S\u00e4uglingen und Kleinkindern sichtbar, die Handlungen imitieren und Worte nachsprechen, ohne viel dar\u00fcber nachzudenken. Diese F\u00e4higkeit tritt bei Erwachsenen leider etwas in den Hintergrund.<\/p>\n\n\n\n<p>&nbsp;<\/p>\n\n\n\n<p>Im neuen Konzept meiner Gruppentherapie f\u00fcr Paare m\u00f6chte ich die St\u00e4rken des Lernens durch Beobachtung zum Vorteil mehrerer Paare nutzen. In der Gruppe habt ihr dann die M\u00f6glichkeit bei euch selbst, aber auch bei den anderen Gruppenmitgliedern, erkennen zu lernen, wann ein Ph\u00e4nomen eintritt. Ein Ph\u00e4nomen, zu dem ihr von mir bereits eine theoretische Erkl\u00e4rung oder ein Konzept bekommen habt.<\/p>\n\n\n\n<p>&nbsp;<\/p>\n\n\n\n<p>Ihr werdet daran arbeiten, Schemata und Vorgehensweisen zu erlernen, die ihr sp\u00e4ter in derselben oder \u00e4hnlichen Situationen anwenden k\u00f6nnt. Ihr werdet beobachten k\u00f6nnen, wann eine Situation so verfahren ist, dass es besser ist, anzuhalten \u2026 eine Pause zu machen.<\/p>\n\n\n\n<p>&nbsp;<\/p>\n\n\n\n<p>All das passiert mit meiner Hilfe, aber wahrscheinlich noch greifbarer durch das Zusammenwirken aller Gruppenmitglieder. Es kann und ist ja ausdr\u00fccklich erw\u00fcnscht, auch zu einer gemeinsamen Erkenntnis zu kommen.<\/p>\n\n\n\n<p>&nbsp;<\/p>\n\n\n\n<p>Bevor wir uns auf die Reise begeben, eure Beziehungslandkarten neu zu entdecken bzw. neu zu zeichnen, werde ich euch erkl\u00e4ren, warum es keine Wahrheit gibt. Ihr werdet lernen, was die von mir verwendeten Begriffe Spaltung, Zirkularit\u00e4t und Intersubjektivit\u00e4t bedeuten. Gleichzeitig ist es unser gemeinsames Ziel, dass ihr diese Begriffe als Ph\u00e4nomene in eurer Beziehung zu erkennen lernt. Denn nur nach diesem Erkennen k\u00f6nnt ihr die erlernten Schemata und Vorgehensweisen zielgerichtet anwenden.<\/p>\n\n\n\n<p>&nbsp;<\/p>\n\n\n\n<blockquote class=\"wp-block-quote is-layout-flow wp-block-quote-is-layout-flow\">\n<p><strong>Gruppentherapie\/-beratung<\/strong><br>Ich arbeite mit maximal drei Paaren in der Gruppe. Dabei habt ihr die M\u00f6glichkeit voneinander zu lernen. Oft ist die Selbsterfahrung durch das Lernen von anderen Menschen \u2013 durch Beobachtung und Zuh\u00f6ren \u2013 sogar gr\u00f6\u00dfer.<br>Die Kosten der Gruppentherapie\/-beratung pro Paar gibt es auf Anfrage.<\/p>\n<\/blockquote>\n","protected":false},"excerpt":{"rendered":"<p>Als Psychotherapeut und Coach unterst\u00fctze ich Menschen dabei, mit sich selbst in eine liebevolle, konstruktive Beziehung zu gehen. Dabei lernen sie, auch mit anderen Menschen so<span class=\"excerpt-hellip\"> [\u2026]<\/span><\/p>\n","protected":false},"author":1,"featured_media":1123,"parent":38,"menu_order":0,"comment_status":"closed","ping_status":"closed","template":"","meta":{"footnotes":""},"class_list":["post-1113","page","type-page","status-publish","has-post-thumbnail","hentry"],"_links":{"self":[{"href":"https:\/\/psychotherapie-zeugswetter.at\/home\/wp-json\/wp\/v2\/pages\/1113","targetHints":{"allow":["GET"]}}],"collection":[{"href":"https:\/\/psychotherapie-zeugswetter.at\/home\/wp-json\/wp\/v2\/pages"}],"about":[{"href":"https:\/\/psychotherapie-zeugswetter.at\/home\/wp-json\/wp\/v2\/types\/page"}],"author":[{"embeddable":true,"href":"https:\/\/psychotherapie-zeugswetter.at\/home\/wp-json\/wp\/v2\/users\/1"}],"replies":[{"embeddable":true,"href":"https:\/\/psychotherapie-zeugswetter.at\/home\/wp-json\/wp\/v2\/comments?post=1113"}],"version-history":[{"count":17,"href":"https:\/\/psychotherapie-zeugswetter.at\/home\/wp-json\/wp\/v2\/pages\/1113\/revisions"}],"predecessor-version":[{"id":1769,"href":"https:\/\/psychotherapie-zeugswetter.at\/home\/wp-json\/wp\/v2\/pages\/1113\/revisions\/1769"}],"up":[{"embeddable":true,"href":"https:\/\/psychotherapie-zeugswetter.at\/home\/wp-json\/wp\/v2\/pages\/38"}],"wp:featuredmedia":[{"embeddable":true,"href":"https:\/\/psychotherapie-zeugswetter.at\/home\/wp-json\/wp\/v2\/media\/1123"}],"wp:attachment":[{"href":"https:\/\/psychotherapie-zeugswetter.at\/home\/wp-json\/wp\/v2\/media?parent=1113"}],"curies":[{"name":"wp","href":"https:\/\/api.w.org\/{rel}","templated":true}]}}